nd 7?
7
Calculate the greatest common factor of 21 and 399.
21
What is the highest common factor of 312 and 429?
39
What is the highest common factor of 28 and 67732?
28
What is the greatest common divisor of 126 and 1026?
18
What is the highest common divisor of 23 and 9407?
23
What is the greatest common divisor of 56 and 944?
8
What is the greatest common factor of 1134 and 189?
189
Calculate the highest common factor of 3 and 25.
1
What is the greatest common factor of 7 and 18319?
7
What is the greatest common divisor of 261 and 900?
9
Calculate the greatest common divisor of 462 and 198.
66
Calculate the greatest common factor of 1653 and 684.
57
What is the highest common factor of 5258 and 11?
11
What is the highest common factor of 83 and 1660?
83
What is the highest common factor of 231 and 9?
3
What is the greatest common divisor of 35 and 1120?
35
Calculate the highest common factor of 199 and 18706.
199
Calculate the highest common divisor of 1562 and 3763.
71
What is the greatest common divisor of 1460 and 4?
4
Calculate the greatest common divisor of 2057 and 34.
17
What is the greatest common divisor of 361 and 304?
19
Calculate the greatest common divisor of 325 and 4680.
65
Calculate the highest common factor of 1491 and 14.
7
Calculate the greatest common factor of 200 and 1025.
25
What is the highest common factor of 24986 and 124?
62
Calculate the greatest common factor of 56107 and 19.
19
Calculate the highest common factor of 42 and 1722.
42
Calculate the highest common factor of 412 and 12.
4
Calculate the greatest common factor of 8282 and 82.
82
Calculate the highest common factor of 345 and 920.
115
Calculate the greatest common divisor of 1519 and 31.
31
Calculate the greatest common factor of 1518 and 23.
23
Calculate the highest common factor of 119 and 5542.
17
What is the highest common divisor of 116 and 1479?
29
Calculate the greatest common divisor of 2486 and 88.
22
Calculate the highest common factor of 206 and 103.
103
Calculate the highest common divisor of 28 and 1008.
28
What is the highest common divisor of 25 and 40?
5
What is the highest common divisor of 105 and 47845?
35
Calculate the highest common factor of 1598 and 282.
94
Calculate the highest common divisor of 10 and 2410.
10
What is the greatest common divisor of 22 and 924?
22
What is the highest common factor of 22 and 451?
11
What is the greatest common factor of 168 and 8400?
168
Calculate the highest common factor of 556 and 3475.
139
What is the highest common divisor of 658 and 1456?
14
What is the greatest common factor of 33543 and 18?
9
Calculate the greatest common divisor of 1775 and 175.
25
Calculate the highest common factor of 52 and 247.
13
Calculate the greatest common factor of 70 and 6636.
14
What is the greatest common divisor of 25 and 35?
5
What is the greatest common divisor of 2354 and 176?
22
What is the highest common factor of 481 and 148?
37
What is the greatest common divisor of 180 and 30?
30
Calculate the highest common factor of 21 and 3101.
7
Calculate the highest common factor of 350 and 25.
25
What is the greatest common factor of 55 and 760?
5
What is the greatest common factor of 282 and 658?
94
What is the highest common divisor of 21 and 2499?
21
What is the greatest common factor of 9107 and 7?
7
What is the greatest common divisor of 58 and 30769?
29
Calculate the highest common divisor of 14 and 868.
14
Calculate the highest common divisor of 13 and 104.
13
Calculate the highest common factor of 9 and 17721.
9
Calculate the highest common divisor of 18 and 258.
6
What is the greatest common divisor of 1710 and 450?
90
Calculate the highest common divisor of 20 and 130.
10
What is the greatest common factor of 2961 and 1260?
63
Calculate the greatest common divisor of 24 and 1962.
6
What is the highest common divisor of 1393 and 14?
7
Calculate the greatest common divisor of 44 and 15928.
44
What is the greatest common factor of 6183 and 54?
27
What is the highest common factor of 1010 and 30?
10
What is the highest common divisor of 603 and 117?
9
Calculate the highest common factor of 24 and 30.
6
What is the highest common factor of 2779 and 7?
7
Calculate the highest common factor of 20 and 372.
4
Calculate the greatest common divisor of 513 and 81.
27
Calculate the greatest common divisor of 434 and 1519.
217
Calculate the greatest common divisor of 160 and 720.
80
What is the greatest common divisor of 4 and 4?
4
What is the greatest common factor of 26 and 14664?
26
Calculate the greatest common divisor of 308 and 880.
44
What is the greatest common factor of 10730 and 290?
290
Calculate the greatest common factor of 4638 and 6.
6
What is the highest common factor of 2100 and 49?
7
Calculate the highest common divisor of 48 and 216.
24
What is the greatest common factor of 39 and 910?
13
What is the greatest common factor of 835 and 5?
5
Calculate the highest common divisor of 104 and 130.
26
Calculate the highest common divisor of 5045 and 5.
5
Calculate the highest common factor of 408 and 2346.
102
What is the greatest common divisor of 589 and 19?
19
What is the greatest common divisor of 75 and 15?
15
Calculate the greatest common divisor of 17 and 765.
17
What is the greatest common divisor of 123 and 3?
3
Calculate the greatest common divisor of 1111 and 101.
101
Calculate the greatest common divisor of 490 and 30.
10
Calculate the highest common factor of 108 and 351.
27
What is the highest common factor of 9718 and 258?
86
Calculate the highest common factor of 558 and 18.
18
Calculate the greatest common divisor of 7 and 497.
7
Calculate the highest common divisor of 1037 and 323.
17
What is the highest common divisor of 5125 and 205?
205
Calculate the highest common divisor of 1452 and 12.
12
What is the highest common divisor of 78 and 636?
6
What is the highest common divisor of 74 and 37?
37
Calculate the greatest common divisor of 6 and 99.
3
Calculate the greatest common factor of 1002 and 13360.
334
Calculate the highest common factor of 309 and 721.
103
What is the highest common divisor of 8074 and 22?
22
Calculate the greatest common divisor of 45 and 15.
15
What is the greatest common divisor of 46050 and 30?
30
What is the highest common divisor of 130 and 4043?
13
What is the highest common factor of 17 and 17?
17
Calculate the highest common factor of 50 and 525.
25
Calculate the highest common factor of 304 and 528.
16
What is the greatest common divisor of 260 and 20?
20
Calculate the highest common divisor of 1 and 53.
1
What is the highest common factor of 210 and 84?
42
Calculate the greatest common divisor of 451 and 287.
41
What is the greatest common factor of 97 and 873?
97
What is the greatest common divisor of 28 and 30436?
28
What is the greatest common factor of 1505 and 35?
35
Calculate the highest common divisor of 12 and 54.
6
Calculate the highest common divisor of 1147 and 629.
37
Calculate the greatest common factor of 30 and 21.
3
What is the highest common divisor of 1298 and 22?
22
Calculate the greatest common factor of 1356 and 60.
12
Calculate the highest common factor of 200 and 88.
8
What is the highest common divisor of 1066 and 78?
26
What is the greatest common divisor of 147 and 378?
21
Calculate the greatest common factor of 30 and 885.
15
What is the highest common divisor of 3 and 19?
1
Calculate the highest common factor of 1692 and 36.
36
Calculate the greatest common divisor of 1040 and 48.
16
What is the highest common factor of 711 and 2923?
79
Calculate the greatest common divisor of 108 and 84.
12
Calculate the highest common divisor of 18 and 21312.
18
Calculate the highest common divisor of 166 and 4.
2
Calculate the greatest common divisor of 726 and 22.
22
Calculate the greatest common factor of 144 and 16.
16
What is the greatest common factor of 12415 and 65?
65
Calculate the highest common factor of 296 and 736.
8
Calculate the highest common factor of 1557 and 18.
9
What is the highest common factor of 122 and 366?
122
Calculate the highest common factor of 1628 and 44.
44
Calculate the greatest common factor of 196 and 2.
2
What is the highest common factor of 48 and 102?
6
What is the highest common divisor of 35 and